= -4*p - 11. Let s(m) = 3*m**3 - m**2 + 2*m + 1. What is the remainder when s(2) is divided by u(-6)?
12
Let y(x) = -3*x. Suppose 4*a + 0 + 20 = 0. Calculate the remainder when 59 is divided by y(a).
14
Suppose 29 + 3051 = 14*n. Calculate the remainder when n is divided by 37.
35
Suppose -5*a - 60 = -7*a. What is the remainder when 89 is divided by a?
29
Let k = 451 - 859. Calculate the remainder when k/(-10) - 1/(-5) is divided by 21.
20
Let b(a) = -a + 2. Let i be b(4). What is the remainder when 2/(-1)*55/i is divided by 19?
17
Suppose -2*n - 9 = -3*n. Suppose 4*d - 4*f = 52, 0 = -3*d + 4*f - n*f + 7. What is the remainder when d is divided by 5?
4
Let m be (4/(-6))/(2/(-15)). Suppose -3*i + 5*l + 35 = m, -l - 27 = -2*i. Suppose -3*p = -22 - 2. Calculate the remainder when i is divided by p.
7
Let a(b) = 2*b**2 - 2*b - 13. What is the remainder when 132 is divided by a(5)?
24
Suppose 3*r = -2*r. Suppose -a - 5 = r, -85 = -3*i - 0*a + 2*a. Let b = i - 13. Calculate the remainder when 35 is divided by b.
11
Suppose 4*j - j = 30. Calculate the remainder when 924/15 + (-6)/j is divided by 16.
13
Let n = -38 - -55. Calculate the remainder when 49 is divided by n.
15
Calculate the remainder when 52 + -3*(-4 - -3) is divided by 15.
10
Suppose d - 1 = 5*g, 0*d - 2*d + 2*g + 34 = 0. Calculate the remainder when d is divided by 4.
1
Let v = -69 - -97. Suppose v = 3*n + 3*m + m, 4*n - 4*m - 56 = 0. What is the remainder when 23 is divided by n?
11
Let f(w) = -w**3 - 6*w**2 + 2*w - 3. Let n be f(-7). Suppose -19 = -3*i + n. Calculate the remainder when 50 is divided by i.
16
Suppose c + 15*l - 10*l = 31, l - 35 = -5*c. What is the remainder when 14 is divided by c?
2
Suppose 3*k = 20 + 4. Suppose x = 17 + k. Calculate the remainder when x is divided by 16 + (0 - (-2 - -4)).
11
Let p(c) = 15*c**2 - 3*c - 1. Let f(t) = 2*t - 2. Let u be f(4). Suppose u*a - 110 = a. Calculate the remainder when p(-2) is divided by a.
21
Suppose 27*a - 22*a - 25 = 0. What is the remainder when 27 is divided by a?
2
Let v = -4 + 13. Let f(i) = 3*i - 2. Let d(c) = -c + 6. What is the remainder when f(v) is divided by d(-7)?
12
Suppose -18 + 6 = -4*x. Suppose 0 = -x*h + 3. Calculate the remainder when (-16)/(-6) - 8/12 is divided by h.
0
Let k be (-35)/14 - 2/4. Let z = 0 - -2. Calculate the remainder when k/(-2) - 3/(-6) is divided by z.
0
Let b(w) = 24*w + 1. What is the remainder when b(1) is divided by (93/(-9) - -1)/((-6)/9)?
11
Suppose -d + 2*j + 38 = 11, -d + j + 31 = 0. Let p = 16 - 4. Calculate the remainder when d is divided by p.
11
Suppose 0 = -k + 5*k - 108. Calculate the remainder when k is divided by 14.
13
Let z = -203 + 245. Suppose -44 = -2*a - 2*a. Calculate the remainder when z is divided by a.
9
Suppose -2*f + 4*n - 2 = 0, 3*n - 6 = n. Suppose f*s = 109 + 21. Let z = 3 + 6. Calculate the remainder when s is divided by z.
8
Let h be (-1)/(-2) + (-3)/6. Suppose -3*j + 0*m + 3*m + 138 = h, -m = 3*j - 150. Calculate the remainder when j is divided by 17.
15
Let n = 94 - 45. What is the remainder when n is divided by 26?
23
Let t(r) = -r**3 - 16*r**2 + 17*r + 3. What is the remainder when 12 is divided by t(-17)?
0
Suppose 2*o - 2*i - 2 = -i, -5*o - 5*i + 20 = 0. Suppose o*y - 9 = y. Calculate the remainder when y is divided by 4.
1
Suppose 0 = 2*k - 44 - 62. Calculate the remainder when 158 is divided by k.
52
Let u be (-33)/(-4) + (-3)/12. Suppose 3*w - 3*q = 24, -w - 3*q = -0*w + u. Calculate the remainder when w is divided by 2.
0
Let s = 36 + -22. What is the remainder when 66 is divided by s?
10
Let r(f) = -6*f**2 - 3*f + 3. Let v(c) = -c + 1 + 0*c - 2 + 2. Let k(i) = -r(i) + 2*v(i). What is the remainder when k(-2) is divided by 11?
10
Let j be 1/(-1) - (-1 + 0). Suppose f - 15 = d + 1, 4*f + 4*d - 96 = j. Suppose -3*u = -43 - f. What is the remainder when 62 is divided by u?
20
Let b(x) = x**3 + 12*x**2 + 12*x - 15. Calculate the remainder when b(-10) is divided by 18.
11
Let f(r) = -r**2 + 3*r + 3. Let m be f(3). Suppose -m*v + 17 = d, 6*v + 5*d - 30 = 2*v. Calculate the remainder when 17 is divided by v.
2
Let v(d) = 47*d**2 - 4*d - 3. What is the remainder when v(-1) is divided by 16?
0
Let g(c) = -2*c + 1. Let n be (0 + -1)/(5/(-70)). What is the remainder when (-6)/(-21) + 402/n is divided by g(-7)?
14
Suppose 10*o - 8*o - 24 = 0. Calculate the remainder when 32 is divided by o.
8
Suppose -8 = 3*k - 74. Let h = k - 9. What is the remainder when h is divided by 4?
1
Let c = 2 - 1. Let z(i) = -i**2 - 10*i. Let n be z(-10). Suppose -2*g = -n*g - 2, -2*g = 5*a - 12. Calculate the remainder when a is divided by c.
0
Let d be (-3)/1 + 75 + 5. Suppose -z + 3*t - 5*t = d, -3 = 3*t. Let k = z + 118. Calculate the remainder when k is divided by 15.
13
Suppose 0 = -2*g - 6, 2*g + 17 = 4*n - g. Calculate the remainder when 11 is divided by ((-14)/4)/((-1)/n).
4
Let m = 25 - 17. Calculate the remainder when 38 is divided by m.
6
Let y = 4 + -2. Suppose -3*o + 6*o + 2*b = 9, -4*b = 5*o - 13. Suppose o*z - 8 = y. What is the remainder when 3 is divided by z?
1
Let t = 11 - 6. Suppose -3*u - 12 = -4*j + 10, 3*j + t*u = 31. What is the remainder when 18 is divided by j?
4
Calculate the remainder when 6 is divided by 6/(-2)*(-6)/9.
0
Suppose -w + b + 31 = 6*b, -4*b + 12 = 0. Calculate the remainder when 29 is divided by w.
13
Let h(m) = m**3 - 2*m**2 - 3*m. Let d be h(-2). Calculate the remainder when 21 is divided by (-18 + -2)*4/d.
5
Let j(x) = 6*x + 8 + 0*x - 3 - 8*x. What is the remainder when 38 is divided by j(-4)?
12
Let n(a) = a**2 + 6. Let j be n(0). Let l = 11 - j. What is the remainder when 19 is divided by l?
4
Let r(o) = 5*o**2 - 11*o - 9. Let i(s) = -s**2 + s + 1. Let v(u) = -4*i(u) - r(u). Let q = 1 - -3. What is the remainder when 50 is divided by v(q)?
16
Let z(a) = 2*a**2 - 2*a - 2. Let o be z(3). Let t(f) = -6*f - 1. Calculate the remainder when (64/o)/((-2)/(-10)) is divided by t(-3).
15
Suppose 0 = -3*o - 0*o. Suppose o = 2*i + h + 1, 1 = i - 2*h + 3*h. Calculate the remainder when 5 is divided by ((-7)/(-2) + i)*2.
2
Let n(r) be the first derivative of -2*r**2 - 2*r - 2. What is the remainder when 38 is divided by n(-3)?
8
Suppose 14*p - 6 = 8*p. Calculate the remainder when 2 is divided by p.
0
Let x(a) = -a**3 - 5*a**2 - 5*a - 3. Calculate the remainder when (-4 - 332/(-20))*5 is divided by x(-5).
19
Let b(p) = p**2 + 8*p + 3. Let x be b(-9). What is the remainder when (34 - 0) + (15 - x) is divided by 10?
7
Let s(f) = -3*f + 12. Let j be s(-9). Suppose -5*i = 3*l + j + 26, -4*l - 2*i = 82. Calculate the remainder when l/(0 + 1 + -2) is divided by 11.
9
Suppose -4*g - i = -109, -5*g - 5*i + 116 = -24. Let x(t) = t**2 - t - 6. Calculate the remainder when g is divided by x(5).
13
What is the remainder when -3*1/(-3) - -38 is divided by 14?
11
Let o(c) = -3*c - 5. What is the remainder when 27 is divided by o(-4)?
6
Let i(q) = -3*q**2 - 2*q - 1 + 4*q**2 + 3*q. Let l be i(-3). Suppose -l*n + 0*g - g = -135, -n + 27 = 2*g. Calculate the remainder when n is divided by 14.
13
Suppose 3*n - 61 = 62. Let s = -28 + n. Calculate the remainder when 24 is divided by s.
11
Suppose -2*g + 70 = 4*h, 4*g - 3*g = -4*h + 65. Let c = 28 - h. What is the remainder when c is divided by 5?
3
Suppose 4*l - 4*c - 1 = 3, 5*l - 4 = 4*c. Suppose -2*f + i + 76 = 0, 2 = i - l. What is the remainder when f is divided by 10?
9
Let u(b) = b**3 + b**2 - 2*b + 1. What is the remainder when u(2) is divided by 5?
4
Let w = -16 - -32. What is the remainder when (-468)/(-10) + 32/160 is divided by w?
15
Let b = 7 - 2. Suppose 0*f - b*a = f - 45, -3*f + 35 = -5*a. Calculate the remainder when 38 is divided by f.
18
Suppose 0 = -3*d + 9 - 0, 54 = 2*h - 4*d. Suppose -10 = -4*p - 2. Suppose 51 = 4*n - 3*u, p*u - 26 = -4*n - 0*n. Calculate the remainder when h is divided by n.
6
Let k = 0 - -2. Let f = -3 - -5. What is the remainder when k is divided by f?
0
Let k be -4 + -3 + 5 + 26. Let v = k - 14. Calculate the remainder when 1 - (-2 - (25 - -1)) is divided by v.
9
Let r(i) = i + 30. Calculate the remainder when 58 is divided by r(-7).
12
Let k = 25 - -8. Calculate the remainder when 129 is divided by k.
30
Let b(l) be the first derivative of l**3/6 + 7*l**2/2 - 2*l + 2. Let 